 digit of 2033?
3
What is the thousands digit of 17361?
7
What is the tens digit of 18286?
8
What is the tens digit of 1387?
8
What is the thousands digit of 27988?
7
What is the hundreds digit of 1548?
5
What is the hundreds digit of 324?
3
What is the hundreds digit of 1647?
6
What is the thousands digit of 56883?
6
What is the units digit of 6879?
9
What is the thousands digit of 1321?
1
What is the thousands digit of 20794?
0
What is the tens digit of 825?
2
What is the tens digit of 170?
7
What is the tens digit of 60?
6
What is the hundreds digit of 24354?
3
What is the thousands digit of 3373?
3
What is the tens digit of 4142?
4
What is the tens digit of 15963?
6
What is the hundreds digit of 3248?
2
What is the tens digit of 1467?
6
What is the tens digit of 290?
9
What is the units digit of 1500?
0
What is the thousands digit of 1159?
1
What is the tens digit of 4752?
5
What is the units digit of 4304?
4
What is the hundreds digit of 7814?
8
What is the units digit of 364?
4
What is the thousands digit of 3809?
3
What is the units digit of 241?
1
What is the hundreds digit of 2728?
7
What is the thousands digit of 2538?
2
What is the hundreds digit of 7153?
1
What is the hundreds digit of 644?
6
What is the units digit of 2?
2
What is the tens digit of 781?
8
What is the thousands digit of 1199?
1
What is the ten thousands digit of 94149?
9
What is the hundred thousands digit of 100655?
1
What is the hundreds digit of 2932?
9
What is the thousands digit of 7269?
7
What is the tens digit of 66649?
4
What is the thousands digit of 53111?
3
What is the tens digit of 7617?
1
What is the tens digit of 671?
7
What is the tens digit of 720?
2
What is the units digit of 17?
7
What is the units digit of 35348?
8
What is the hundreds digit of 5301?
3
What is the tens digit of 360?
6
What is the units digit of 2502?
2
What is the units digit of 2664?
4
What is the hundreds digit of 1592?
5
What is the units digit of 29388?
8
What is the tens digit of 12938?
3
What is the units digit of 182?
2
What is the units digit of 4591?
1
What is the hundreds digit of 663?
6
What is the tens digit of 700?
0
What is the thousands digit of 15582?
5
What is the units digit of 34584?
4
What is the tens digit of 1781?
8
What is the tens digit of 2979?
7
What is the tens digit of 3903?
0
What is the ten thousands digit of 32261?
3
What is the thousands digit of 7028?
7
What is the tens digit of 11711?
1
What is the tens digit of 925?
2
What is the tens digit of 2229?
2
What is the units digit of 19256?
6
What is the tens digit of 621?
2
What is the hundreds digit of 8025?
0
What is the tens digit of 4793?
9
What is the thousands digit of 55771?
5
What is the tens digit of 52982?
8
What is the thousands digit of 6453?
6
What is the units digit of 658?
8
What is the tens digit of 20521?
2
What is the hundreds digit of 46205?
2
What is the thousands digit of 27968?
7
What is the units digit of 6504?
4
What is the thousands digit of 56488?
6
What is the ten thousands digit of 11532?
1
What is the thousands digit of 2788?
2
What is the hundreds digit of 6874?
8
What is the tens digit of 8475?
7
What is the units digit of 38152?
2
What is the hundreds digit of 786?
7
What is the thousands digit of 1028?
1
What is the units digit of 1209?
9
What is the tens digit of 156209?
0
What is the tens digit of 20?
2
What is the tens digit of 1843?
4
What is the tens digit of 68023?
2
What is the tens digit of 28455?
5
What is the units digit of 76845?
5
What is the ten thousands digit of 43292?
4
What is the tens digit of 9200?
0
What is the thousands digit of 1116?
1
What is the thousands digit of 3340?
3
What is the units digit of 679?
9
What is the hundreds digit of 241?
2
What is the thousands digit of 25633?
5
What is the hundreds digit of 1639?
6
What is the units digit of 705?
5
What is the tens digit of 12?
1
What is the ten thousands digit of 98706?
9
What is the hundreds digit of 157?
1
What is the thousands digit of 8031?
8
What is the hundreds digit of 32997?
9
What is the units digit of 934?
4
What is the tens digit of 21325?
2
What is the tens digit of 711?
1
What is the thousands digit of 2534?
2
What is the thousands digit of 3378?
3
What is the thousands digit of 27070?
7
What is the tens digit of 11164?
6
What is the thousands digit of 2937?
2
What is the tens digit of 945?
4
What is the units digit of 2657?
7
What is the tens digit of 1119?
1
What is the thousands digit of 1345?
1
What is the tens digit of 1900?
0
What is the hundreds digit of 653?
6
What is the thousands digit of 5209?
5
What is the thousands digit of 1274?
1
What is the thousands digit of 15096?
5
What is the thousands digit of 13573?
3
What is the hundreds digit of 136?
1
What is the tens digit of 37?
3
What is the units digit of 1246?
6
What is the thousands digit of 1432?
1
What is the hundreds digit of 27109?
1
What is the hundreds digit of 14390?
3
What is the units digit of 1711?
1
What is the tens digit of 3681?
8
What is the thousands digit of 11323?
1
What is the hundreds digit of 8234?
2
What is the tens digit of 12139?
3
What is the units digit of 1490?
0
What is the hundreds digit of 499?
4
What is the units digit of 4597?
7
What is the tens digit of 688?
8
What is the hundreds digit of 6720?
7
What is the thousands digit of 44043?
4
What is the tens digit of 740?
4
What is the tens digit of 774?
7
What is the hundreds digit of 2041?
0
What is the hundreds digit of 5833?
8
What is the thousands digit of 5883?
5
What is the hundred thousands digit of 151260?
1
What is the ten thousands digit of 35709?
3
What is the tens digit of 1169?
6
What is the hundreds digit of 664?
6
What is the units digit of 7356?
6
What is the thousands digit of 25917?
5
What is the tens digit of 19305?
0
What is the units digit of 1716?
6
What is the thousands digit of 2120?
2
What is the thousands digit of 12616?
2
What is the tens digit of 3358?
5
What is the thousands digit of 7561?
7
What is the thousands digit of 3369?
3
What is the hundreds digit of 861?
8
What is the units digit of 39240?
0
What is the thousands digit of 7897?
7
What is the hundreds digit of 2317?
3
What is the units digit of 486?
6
What is the ten thousands digit of 18790?
1
What is the hundreds digit of 14271?
2
What is the ten thousands digit of 42449?
4
What is the units digit of 6781?
1
What is the tens digit of 920?
2
What is the units digit of 20376?
6
What is the units digit of 5989?
9
What is the units digit of 867?
7
What is the thousands digit of 1901?
1
What is the units digit of 74481?
1
What is the units digit of 5614?
4
What is the tens digit of 1686?
8
What is the units digit of 131044?
4
What is the hundreds digit of 7508?
5
What is the hundreds digit of 328?
3
What is the thousands digit of 25521?
5
What is the units digit of 39?
9
What is the units digit of 6630?
0
What is the units digit of 576?
6
What is the tens digit of 386?
8
What is the hundreds digit of 2413?
4
What is the tens digit of 3385?
8
What is the units digit of 3361?
1
What is the thousands digit of 14679?
4
What is the hundreds digit of 382?
3
What is the thousands digit of 12401?
2
What is the tens digit of 16670?
7
What is the thousands digit of 11311?
1
What is the hundreds digit of 4627?
6
What is the units digit of 1839?
9
What is the hundred thousands digit of 142146?
1
What is the tens digit of 2192?
9
What is the units digit of 2919?
9
What is the tens digit of 455?
5
What is the tens digit of 4563?
6
What is the hundreds digit of 972?
9
What is the tens digit of 8408?
0
What is the tens digit of 68862?
6
What is the hundreds digit of 1536?
5
What is the units digit of 7202?
2
What is the hundreds digit of 21404?
4
What is the units digit of 764?
4
What is the thousands digit of 6275?
6
What is the tens digit of 8385?
8
What is the tens digit of 393?
9
What is the units digit of 288?
8
What is the units digit of 340?
0
What is the hundreds digit of 5984?
9
What is the hundreds digit of 3484?
4
What is the hundreds digit of 9288?
2
What is the thousands digit of 7643?
7
What is the thousands digit of 25191?
5
What is the tens digit of 2390?
9
What is the tens digit of 152?
5
What is the thousands digit of 52807?
2
What is the hundre